{"id":409,"date":"2020-08-27T11:21:38","date_gmt":"2020-08-27T11:21:38","guid":{"rendered":"https:\/\/mgphoto.hu\/?page_id=409"},"modified":"2022-10-05T13:42:15","modified_gmt":"2022-10-05T13:42:15","slug":"kapcsolat","status":"publish","type":"page","link":"https:\/\/mgphoto.hu\/?page_id=409","title":{"rendered":"Kapcsolat"},"content":{"rendered":"\n    \n    <section class=\"u-align-center u-clearfix u-section-2\" src=\"\" id=\"sec-fc22\">\n      <div class=\"u-clearfix u-sheet u-sheet-1\">\n        <div class=\"u-align-left u-border-2 u-border-grey-75 u-container-style u-group u-radius-10 u-group-1\" data-animation-name=\"fadeIn\" data-animation-duration=\"1000\" data-animation-delay=\"0\" data-animation-direction=\"\">\n          <div class=\"u-container-layout u-container-layout-1\">\n            <h2 class=\"u-custom-font u-font-playfair-display u-text u-text-white u-text-1\">\n              <font style=\"font-size: 3rem;\">\n                <span class=\"u-text-body-alt-color\">MG Photo<\/span>\n                <br>\n              <\/font>\n            <\/h2>\n            <p class=\"u-custom-font u-font-playfair-display u-text u-text-white u-text-2\">C\u00edm : 9436 Fert\u0151sz\u00e9plak, Arany J\u00e1nos utca 27.<br>\n            <\/p>\n            <p class=\"u-custom-font u-font-playfair-display u-text u-text-white u-text-3\">Tel : +36 70 529 9785<\/p>\n            <p class=\"u-custom-font u-font-playfair-display u-text u-text-white u-text-4\">E-mail : gmozes147@gmail.com<\/p>\n          <\/div>\n        <\/div>\n      <\/div>\n    <\/section>\n    \n    \n  \n","protected":false},"excerpt":{"rendered":"<p>MG Photo C\u00edm : 9436 Fert\u0151sz\u00e9plak, Arany J\u00e1nos utca 27. Tel : +36 70 529 9785 E-mail : gmozes147@gmail.com<\/p>\n","protected":false},"author":1,"featured_media":0,"parent":221,"menu_order":0,"comment_status":"closed","ping_status":"closed","template":"","meta":[],"yoast_head":"<!-- This site is optimized with the Yoast SEO plugin v19.7.1 - https:\/\/yoast.com\/wordpress\/plugins\/seo\/ -->\n<title>Kapcsolat - MG Photo<\/title>\n<meta name=\"robots\" content=\"index, follow, max-snippet:-1, max-image-preview:large, max-video-preview:-1\" \/>\n<link rel=\"canonical\" href=\"https:\/\/mgphoto.hu\/?page_id=409\" \/>\n<meta property=\"og:locale\" content=\"hu_HU\" \/>\n<meta property=\"og:type\" content=\"article\" \/>\n<meta property=\"og:title\" content=\"Kapcsolat - MG Photo\" \/>\n<meta property=\"og:description\" content=\"MG Photo C\u00edm : 9436 Fert\u0151sz\u00e9plak, Arany J\u00e1nos utca 27. Tel : +36 70 529 9785 E-mail : gmozes147@gmail.com\" \/>\n<meta property=\"og:url\" content=\"https:\/\/mgphoto.hu\/?page_id=409\" \/>\n<meta property=\"og:site_name\" content=\"MG Photo\" \/>\n<meta property=\"article:modified_time\" content=\"2022-10-05T13:42:15+00:00\" \/>\n<meta name=\"twitter:card\" content=\"summary_large_image\" \/>\n<script type=\"application\/ld+json\" class=\"yoast-schema-graph\">{\"@context\":\"https:\/\/schema.org\",\"@graph\":[{\"@type\":\"WebPage\",\"@id\":\"https:\/\/mgphoto.hu\/?page_id=409\",\"url\":\"https:\/\/mgphoto.hu\/?page_id=409\",\"name\":\"Kapcsolat - MG Photo\",\"isPartOf\":{\"@id\":\"https:\/\/mgphoto.hu\/#website\"},\"datePublished\":\"2020-08-27T11:21:38+00:00\",\"dateModified\":\"2022-10-05T13:42:15+00:00\",\"breadcrumb\":{\"@id\":\"https:\/\/mgphoto.hu\/?page_id=409#breadcrumb\"},\"inLanguage\":\"hu\",\"potentialAction\":[{\"@type\":\"ReadAction\",\"target\":[\"https:\/\/mgphoto.hu\/?page_id=409\"]}]},{\"@type\":\"BreadcrumbList\",\"@id\":\"https:\/\/mgphoto.hu\/?page_id=409#breadcrumb\",\"itemListElement\":[{\"@type\":\"ListItem\",\"position\":1,\"name\":\"Kezd\u0151lap\",\"item\":\"https:\/\/mgphoto.hu\/\"},{\"@type\":\"ListItem\",\"position\":2,\"name\":\"Kezd\u0151oldal\",\"item\":\"https:\/\/mgphoto.hu\/\"},{\"@type\":\"ListItem\",\"position\":3,\"name\":\"Kapcsolat\"}]},{\"@type\":\"WebSite\",\"@id\":\"https:\/\/mgphoto.hu\/#website\",\"url\":\"https:\/\/mgphoto.hu\/\",\"name\":\"MG Photo\",\"description\":\"\u00dajsz\u00fcl\u00f6tt, gyermek, csal\u00e1di, kismama \u00e9s budoir fot\u00f3k k\u00e9sz\u00edt\u00e9se nyugodt l\u00e9gk\u00f6rben \u00e9s oldott hangulatban\",\"potentialAction\":[{\"@type\":\"SearchAction\",\"target\":{\"@type\":\"EntryPoint\",\"urlTemplate\":\"https:\/\/mgphoto.hu\/?s={search_term_string}\"},\"query-input\":\"required name=search_term_string\"}],\"inLanguage\":\"hu\"}]}<\/script>\n<!-- \/ Yoast SEO plugin. -->","yoast_head_json":{"title":"Kapcsolat - MG Photo","robots":{"index":"index","follow":"follow","max-snippet":"max-snippet:-1","max-image-preview":"max-image-preview:large","max-video-preview":"max-video-preview:-1"},"canonical":"https:\/\/mgphoto.hu\/?page_id=409","og_locale":"hu_HU","og_type":"article","og_title":"Kapcsolat - MG Photo","og_description":"MG Photo C\u00edm : 9436 Fert\u0151sz\u00e9plak, Arany J\u00e1nos utca 27. Tel : +36 70 529 9785 E-mail : gmozes147@gmail.com","og_url":"https:\/\/mgphoto.hu\/?page_id=409","og_site_name":"MG Photo","article_modified_time":"2022-10-05T13:42:15+00:00","twitter_card":"summary_large_image","schema":{"@context":"https:\/\/schema.org","@graph":[{"@type":"WebPage","@id":"https:\/\/mgphoto.hu\/?page_id=409","url":"https:\/\/mgphoto.hu\/?page_id=409","name":"Kapcsolat - MG Photo","isPartOf":{"@id":"https:\/\/mgphoto.hu\/#website"},"datePublished":"2020-08-27T11:21:38+00:00","dateModified":"2022-10-05T13:42:15+00:00","breadcrumb":{"@id":"https:\/\/mgphoto.hu\/?page_id=409#breadcrumb"},"inLanguage":"hu","potentialAction":[{"@type":"ReadAction","target":["https:\/\/mgphoto.hu\/?page_id=409"]}]},{"@type":"BreadcrumbList","@id":"https:\/\/mgphoto.hu\/?page_id=409#breadcrumb","itemListElement":[{"@type":"ListItem","position":1,"name":"Kezd\u0151lap","item":"https:\/\/mgphoto.hu\/"},{"@type":"ListItem","position":2,"name":"Kezd\u0151oldal","item":"https:\/\/mgphoto.hu\/"},{"@type":"ListItem","position":3,"name":"Kapcsolat"}]},{"@type":"WebSite","@id":"https:\/\/mgphoto.hu\/#website","url":"https:\/\/mgphoto.hu\/","name":"MG Photo","description":"\u00dajsz\u00fcl\u00f6tt, gyermek, csal\u00e1di, kismama \u00e9s budoir fot\u00f3k k\u00e9sz\u00edt\u00e9se nyugodt l\u00e9gk\u00f6rben \u00e9s oldott hangulatban","potentialAction":[{"@type":"SearchAction","target":{"@type":"EntryPoint","urlTemplate":"https:\/\/mgphoto.hu\/?s={search_term_string}"},"query-input":"required name=search_term_string"}],"inLanguage":"hu"}]}},"_links":{"self":[{"href":"https:\/\/mgphoto.hu\/index.php?rest_route=\/wp\/v2\/pages\/409"}],"collection":[{"href":"https:\/\/mgphoto.hu\/index.php?rest_route=\/wp\/v2\/pages"}],"about":[{"href":"https:\/\/mgphoto.hu\/index.php?rest_route=\/wp\/v2\/types\/page"}],"author":[{"embeddable":true,"href":"https:\/\/mgphoto.hu\/index.php?rest_route=\/wp\/v2\/users\/1"}],"replies":[{"embeddable":true,"href":"https:\/\/mgphoto.hu\/index.php?rest_route=%2Fwp%2Fv2%2Fcomments&post=409"}],"version-history":[{"count":7,"href":"https:\/\/mgphoto.hu\/index.php?rest_route=\/wp\/v2\/pages\/409\/revisions"}],"predecessor-version":[{"id":573,"href":"https:\/\/mgphoto.hu\/index.php?rest_route=\/wp\/v2\/pages\/409\/revisions\/573"}],"up":[{"embeddable":true,"href":"https:\/\/mgphoto.hu\/index.php?rest_route=\/wp\/v2\/pages\/221"}],"wp:attachment":[{"href":"https:\/\/mgphoto.hu\/index.php?rest_route=%2Fwp%2Fv2%2Fmedia&parent=409"}],"curies":[{"name":"wp","href":"https:\/\/api.w.org\/{rel}","templated":true}]}}

<section class="u-align-center u-clearfix u-section-2" src="" id="sec-fc22">
      <div class="u-clearfix u-sheet u-sheet-1">
        <div class="u-align-left u-border-2 u-border-grey-75 u-container-style u-group u-radius-10 u-group-1" data-animation-name="fadeIn" data-animation-duration="1000" data-animation-delay="0" data-animation-direction="">
          <div class="u-container-layout u-container-layout-1">
            <h2 class="u-custom-font u-font-playfair-display u-text u-text-white u-text-1">
              <font style="font-size: 3rem;">
                <span class="u-text-body-alt-color">MG Photo</span>
                <br>
              </font>
            </h2>
            <p class="u-custom-font u-font-playfair-display u-text u-text-white u-text-2">Cím : 9436 Fertőszéplak, Arany János utca 27.<br>
            </p>
            <p class="u-custom-font u-font-playfair-display u-text u-text-white u-text-3">Tel : +36 70 529 9785</p>
            <p class="u-custom-font u-font-playfair-display u-text u-text-white u-text-4">E-mail : gmozes147@gmail.com</p>
          </div>
        </div>
      </div>
    </section>

<p>MG Photo Cím : 9436 Fertőszéplak, Arany János utca 27. Tel : +36 70 529 9785 E-mail : gmozes147@gmail.com</p>

<!-- This site is optimized with the Yoast SEO plugin v19.7.1 - https://yoast.com/wordpress/plugins/seo/ -->
<title>Kapcsolat - MG Photo</title>
<meta name="robots" content="index, follow, max-snippet:-1, max-image-preview:large, max-video-preview:-1" />
<link rel="canonical" href="https://mgphoto.hu/?page_id=409" />
<meta property="og:locale" content="hu_HU" />
<meta property="og:type" content="article" />
<meta property="og:title" content="Kapcsolat - MG Photo" />
<meta property="og:description" content="MG Photo Cím : 9436 Fertőszéplak, Arany János utca 27. Tel : +36 70 529 9785 E-mail : gmozes147@gmail.com" />
<meta property="og:url" content="https://mgphoto.hu/?page_id=409" />
<meta property="og:site_name" content="MG Photo" />
<meta property="article:modified_time" content="2022-10-05T13:42:15+00:00" />
<meta name="twitter:card" content="summary_large_image" />
<script type="application/ld+json" class="yoast-schema-graph">{"@context":"https://schema.org","@graph":[{"@type":"WebPage","@id":"https://mgphoto.hu/?page_id=409","url":"https://mgphoto.hu/?page_id=409","name":"Kapcsolat - MG Photo","isPartOf":{"@id":"https://mgphoto.hu/#website"},"datePublished":"2020-08-27T11:21:38+00:00","dateModified":"2022-10-05T13:42:15+00:00","breadcrumb":{"@id":"https://mgphoto.hu/?page_id=409#breadcrumb"},"inLanguage":"hu","potentialAction":[{"@type":"ReadAction","target":["https://mgphoto.hu/?page_id=409"]}]},{"@type":"BreadcrumbList","@id":"https://mgphoto.hu/?page_id=409#breadcrumb","itemListElement":[{"@type":"ListItem","position":1,"name":"Kezdőlap","item":"https://mgphoto.hu/"},{"@type":"ListItem","position":2,"name":"Kezdőoldal","item":"https://mgphoto.hu/"},{"@type":"ListItem","position":3,"name":"Kapcsolat"}]},{"@type":"WebSite","@id":"https://mgphoto.hu/#website","url":"https://mgphoto.hu/","name":"MG Photo","description":"Újszülött, gyermek, családi, kismama és budoir fotók készítése nyugodt légkörben és oldott hangulatban","potentialAction":[{"@type":"SearchAction","target":{"@type":"EntryPoint","urlTemplate":"https://mgphoto.hu/?s={search_term_string}"},"query-input":"required name=search_term_string"}],"inLanguage":"hu"}]}</script>
<!-- / Yoast SEO plugin. -->

MG Photo Cím : 9436 Fertőszéplak, Arany János utca 27. Tel : +36 70 529 9785 E-mail : gmozes147@gmail.com

Kezdőlap

Kezdőoldal

Újszülött, gyermek, családi, kismama és budoir fotók készítése nyugodt légkörben és oldott hangulatban
